{"id":83,"date":"2020-07-04T16:18:35","date_gmt":"2020-07-04T14:18:35","guid":{"rendered":"https:\/\/ballonprojekt.weg-schwabach.de\/?page_id=83"},"modified":"2020-07-04T16:23:19","modified_gmt":"2020-07-04T14:23:19","slug":"datenschutzerklaerung-2","status":"publish","type":"page","link":"https:\/\/ballonprojekt.weg-schwabach.de\/index.php\/datenschutzerklaerung-2\/","title":{"rendered":"Datenschutzerkl\u00e4rung"},"content":{"rendered":"\n<p>Diese Datenschutzerkl\u00e4rung bezieht sich auf die Verarbeitung personenbezogener Daten im Rahmen dieses Internetauftritts, einschlie\u00dflich der dort angebotenen Dienste.<\/p>\n\n\n\n<p>F\u00fcr n\u00e4here Informationen zur Verarbeitung Ihrer personenbezogenen Daten k\u00f6nnen Sie uns unter den unten genannten Kontaktdaten erreichen.<\/p>\n\n\n\n<h5><strong>Name und Kontaktdaten des Verantwortlichen<\/strong><\/h5>\n\n\n\n<p>Wolfram-von-Eschenbach-Gymnasium<\/p>\n\n\n\n<p>Haydnstr.1<\/p>\n\n\n\n<p>91126 Schwabach<\/p>\n\n\n\n<p><em>Telefon: <\/em>(09122)&nbsp;9309-50<\/p>\n\n\n\n<p><em>Telefax: <\/em>(09122) 9309-60<\/p>\n\n\n\n<p><em>E-Mail: <\/em><a href=\"mailto:sekretariat@weg-schwabach.info\">sekretariat@weg-schwabach.de<\/a><\/p>\n\n\n\n<h5><strong>Kontaktdaten des Datenschutzbeauftragten<\/strong><\/h5>\n\n\n\n<p>Datenschutzbeauftragter des Wolfram-von-Eschenbach-Gymnasiums<\/p>\n\n\n\n<p>Wolfram-von-Eschenbach-Gymnasium<\/p>\n\n\n\n<p>Haydnstr.1<\/p>\n\n\n\n<p>91126 Schwabach<\/p>\n\n\n\n<p><em>Telefon: <\/em>(09122)&nbsp;9309-50<\/p>\n\n\n\n<p>Telefax: (09122) 9309-60<\/p>\n\n\n\n<p><em>E-Mail: <\/em><a href=\"mailto:datenschutz@weg-schwabach.de\">datenschutz@weg-schwabach.de<\/a><em><\/em><\/p>\n\n\n\n<h5><strong>Zwecke und Rechtsgrundlagen f\u00fcr die Verarbeitung personenbezogener Daten<\/strong><\/h5>\n\n\n\n<p>Zweck der Verarbeitung ist die Erf\u00fcllung der uns vom Gesetzgeber zugewiesenen \u00f6ffentlichen Aufgaben.<\/p>\n\n\n\n<p>Die Rechtsgrundlage f\u00fcr die Verarbeitung Ihrer Daten ergibt sich, soweit nichts anderes angegeben ist, aus Art. 4 Abs. 1 des Bayerischen Datenschutzgesetzes (BayDSG) in Verbindung mit Art. 6 Abs. 1 Buchstabe e der Datenschutzgrundverordnung (DSGVO). Demnach ist es uns erlaubt, die zur Erf\u00fcllung einer uns obliegenden Aufgabe erforderlichen Daten zu verarbeiten.<\/p>\n\n\n\n<p>Soweit Sie in eine Verarbeitung eingewilligt haben, st\u00fctzt sich die Datenverarbeitung auf Art. 6 Abs. 1 Buchstabe a DSGVO.<\/p>\n\n\n\n<h5><strong>Empf\u00e4nger von personenbezogenen Daten<\/strong><\/h5>\n\n\n\n<p>Gegebenenfalls werden Ihre Daten an die zust\u00e4ndigen Aufsichts- und Rechnungspr\u00fcfungsbeh\u00f6rden zur Wahrnehmung der jeweiligen Kontrollrechte \u00fcbermittelt.<\/p>\n\n\n\n<p>Zur Abwehr von Gefahren f\u00fcr die Sicherheit in der Informationstechnik k\u00f6nnen Protokolldaten auf Grundlage von Art. 12 des Bayerischen E-Government-Gesetzes an das Landesamt f\u00fcr Sicherheit in der Informationstechnik weitergeleitet werden (n\u00e4heres siehe unter \u201eProtokollierung\u201c).<\/p>\n\n\n\n<h5><strong>Dauer der Speicherung der personenbezogenen Daten<\/strong><\/h5>\n\n\n\n<p>Ihre Daten werden nur so lange gespeichert, wie dies unter Beachtung gesetzlicher Aufbewahrungsfristen f\u00fcr zur Aufgabenerf\u00fcllung erforderlich ist.<\/p>\n\n\n\n<h5><strong>Rechte der betroffenen Person<\/strong><\/h5>\n\n\n\n<p>Soweit wir von Ihnen personenbezogene Daten verarbeiten, stehen Ihnen als Betroffener nachfolgende Rechte zu:<\/p>\n\n\n\n<ul><li>Werden Ihre personenbezogenen Daten verarbeitet, so haben Sie das Recht, Auskunft \u00fcber die zu Ihrer Person gespeicherten Daten zu erhalten (Art. 15 DSGVO).<\/li><li>Sollten unrichtige personenbezogene Daten verarbeitet werden, steht Ihnen ein Recht auf Berichtigung zu (Art. 16 DSGVO).<\/li><li>Liegen die gesetzlichen Voraussetzungen vor, so k\u00f6nnen Sie die L\u00f6schung oder Einschr\u00e4nkung der Verarbeitung verlangen, sowie Widerspruch gegen die Verarbeitung einlegen (Art. 17, 18 und 21 DSGVO).<\/li><li>Wenn Sie in die Verarbeitung eingewilligt haben oder ein Vertrag zur Datenverarbeitung besteht und die Datenverarbeitung mithilfe automatisierter Verfahren durchgef\u00fchrt wird, steht Ihnen gegebenenfalls ein Recht auf Daten\u00fcbertragbarkeit zu (Art. 20 DSGVO).<\/li><li>Falls Sie in die Verarbeitung eingewilligt haben und die Verarbeitung auf dieser Einwilligung beruht, k\u00f6nnen Sie die Einwilligung jederzeit f\u00fcr die Zukunft widerrufen. Die Rechtm\u00e4\u00dfigkeit der aufgrund der Einwilligung bis zum Widerruf erfolgten Datenverarbeitung wird durch diesen nicht ber\u00fchrt.<\/li><\/ul>\n\n\n\n<p>Ausf\u00fchrlichere Informationen zu diesen Rechten erteilt Ihnen auch unser beh\u00f6rdlicher Datenschutzbeauftragter.<\/p>\n\n\n\n<h5><strong>Beschwerderecht bei der Aufsichtsbeh\u00f6rde<\/strong><\/h5>\n\n\n\n<p>Weiterhin besteht ein Beschwerderecht beim Bayerischen Landesbeauftragten f\u00fcr den Datenschutz.<strong> <\/strong>Diesen k\u00f6nnen Sie unter folgenden Kontaktdaten erreichen:<\/p>\n\n\n\n<p>Postanschrift: Postfach 22 12 19, 80502 M\u00fcnchen&nbsp;<\/p>\n\n\n\n<p>Adresse:&nbsp; Wagm\u00fcllerstra\u00dfe 18, 80538 M\u00fcnchen&nbsp;<\/p>\n\n\n\n<p>Telefon:&nbsp; 089 212672-0&nbsp;<\/p>\n\n\n\n<p>Telefax:&nbsp; 089 212672-50&nbsp;<\/p>\n\n\n\n<p>E-Mail:&nbsp; <a href=\"mailto:poststelle@datenschutz-bayern.de\">poststelle@datenschutz-bayern.de<\/a><\/p>\n\n\n\n<p>Internet: https:\/\/www.datenschutz-bayern.de\/<\/p>\n","protected":false},"excerpt":{"rendered":"<p>Diese Datenschutzerkl\u00e4rung bezieht sich auf die Verarbeitung personenbezogener Daten im Rahmen dieses Internetauftritts, einschlie\u00dflich der dort angebotenen Dienste. F\u00fcr n\u00e4here Informationen zur Verarbeitung Ihrer personenbezogenen Daten k\u00f6nnen Sie uns unter den unten genannten Kontaktdaten erreichen. Name und Kontaktdaten des Verantwortlichen Wolfram-von-Eschenbach-Gymnasium Haydnstr.1 91126 Schwabach Telefon: (09122)&nbsp;9309-50 Telefax: (09122) 9309-60 E-Mail: sekretariat@weg-schwabach.de Kontaktdaten des Datenschutzbeauftragten Datenschutzbeauftragter&#8230;<\/p>\n","protected":false},"author":3,"featured_media":0,"parent":0,"menu_order":0,"comment_status":"closed","ping_status":"closed","template":"","meta":[],"_links":{"self":[{"href":"https:\/\/ballonprojekt.weg-schwabach.de\/index.php\/wp-json\/wp\/v2\/pages\/83"}],"collection":[{"href":"https:\/\/ballonprojekt.weg-schwabach.de\/index.php\/wp-json\/wp\/v2\/pages"}],"about":[{"href":"https:\/\/ballonprojekt.weg-schwabach.de\/index.php\/wp-json\/wp\/v2\/types\/page"}],"author":[{"embeddable":true,"href":"https:\/\/ballonprojekt.weg-schwabach.de\/index.php\/wp-json\/wp\/v2\/users\/3"}],"replies":[{"embeddable":true,"href":"https:\/\/ballonprojekt.weg-schwabach.de\/index.php\/wp-json\/wp\/v2\/comments?post=83"}],"version-history":[{"count":2,"href":"https:\/\/ballonprojekt.weg-schwabach.de\/index.php\/wp-json\/wp\/v2\/pages\/83\/revisions"}],"predecessor-version":[{"id":87,"href":"https:\/\/ballonprojekt.weg-schwabach.de\/index.php\/wp-json\/wp\/v2\/pages\/83\/revisions\/87"}],"wp:attachment":[{"href":"https:\/\/ballonprojekt.weg-schwabach.de\/index.php\/wp-json\/wp\/v2\/media?parent=83"}],"curies":[{"name":"wp","href":"https:\/\/api.w.org\/{rel}","templated":true}]}}